 23
Suppose 20*k - 2608 = 4*k. What are the prime factors of k?
163
Suppose 2*d - 9*d + 1855 = 0. What are the prime factors of d?
5, 53
Let u = -16 + 73. List the prime factors of u.
3, 19
Let s = 108 - 244. List the prime factors of s/(-24) - 2/(-6).
2, 3
Let h(j) = -j**2 - 3*j. Let r be h(-3). Suppose -v - 4*i = -19, -5*v - 2*i + i + 19 = r. What are the prime factors of v?
3
Let a be (-1)/((-1)/1)*-3. Let r = -2 - a. List the prime factors of -1*(r - 3) - -6.
2
Suppose 2*z + 5 = 57. What are the prime factors of 2/((-24)/z - -1)?
2, 13
Suppose 2*n - 8 = -2. Let z(s) = -s + 2. Let m be z(-6). Let x = m + n. What are the prime factors of x?
11
Suppose 5*f = 2*t - t - 41, 3*t - 87 = -3*f. Suppose -3*k - 20 = -2*k + 2*c, -4*c = -k - 20. Let p = k + t. List the prime factors of p.
11
Let x(l) = l**2 + 13*l + 14. Let g be x(10). Suppose q - 156 = -3*z - 2*q, -4*z + 5*q + g = 0. List the prime factors of z.
2, 7
Let w = 18 + -13. Suppose 0 = -w*k + 2*k + 12. What are the prime factors of k?
2
Let i(y) be the first derivative of -y**3/3 + 4*y**2 - 3*y - 1. Suppose -g - 6 = 4*j, -4*g - g = -5*j - 45. List the prime factors of i(g).
3
Suppose 4*l - 5 = 19. Let z = 8 - l. Let q = z - -1. What are the prime factors of q?
3
Let c = 294 + -145. List the prime factors of c.
149
Let x(k) = 2*k**3 - 2*k**2 - 2*k + 2. Suppose c = 2*n - 8, -2*c - 2*c + n + 3 = 0. List the prime factors of x(c).
2, 3
Let v(f) = 42*f**2 + 5. What are the prime factors of v(3)?
383
Let d be (0 - 0)*(-1)/2. Let c(y) = -9 - 17 + 32 - y. What are the prime factors of c(d)?
2, 3
Let w(a) = -32*a**3 + a**2 + a. What are the prime factors of w(-1)?
2
Suppose -2*i + 5*f = -221, 0 = -4*i - 4*f + 278 + 178. What are the prime factors of i?
113
Let h(q) = q**3 + q**2 + q + 12. Let t be h(0). Let d = -4 + 9. Let k = t - d. What are the prime factors of k?
7
What are the prime factors of 307 - (-5 - (-5 + 0))?
307
Suppose -2*o = -6*o + 296. List the prime factors of o.
2, 37
Let n = 3 + -3. Let z(o) = -o**2 + 7. Let d be z(n). What are the prime factors of 70/d + -1 + 1?
2, 5
Let w(l) = -l**3 + 5*l**2 + 9*l - 11. List the prime factors of w(5).
2, 17
Suppose -5*m + 2*h - 15 = 0, 0 = -0*m + 4*m + h + 12. Let q be (-15)/(-6) - m/(-6). Suppose -q*t = -2 - 18. What are the prime factors of t?
2, 5
Let f(a) be the third derivative of a**4/6 - 2*a**2. List the prime factors of f(2).
2
Let n be 27/12 + 2/(-8). What are the prime factors of (2 - 1) + n + 3?
2, 3
Suppose 0 = 7*m + 10 - 388. What are the prime factors of m?
2, 3
Suppose -639 = -4*l + 3*w, 3*l - 489 = w - 2*w. List the prime factors of l.
2, 3
Suppose o + 3 = 13. Suppose -2*x + o*x = 472. List the prime factors of x.
59
Suppose -5*h + 79 + 69 = -4*l, 5*h - 150 = 5*l. List the prime factors of h.
2, 7
Let u be (-4)/16 + (-18)/(-8). Let f(k) = 2 + 0*k**2 + 5*k**2 - u*k**3 + k**3 - 2*k. What are the prime factors of f(4)?
2, 5
Let b be (-1)/(-3) + (-2)/6. Suppose m - 3 = -b*m. What are the prime factors of m?
3
Suppose -4*p = -4*m + 3*m + 3, 4*m + 4*p - 12 = 0. Suppose 2*j + 2*j = 2*n - 40, -m*n = -5*j - 55. What are the prime factors of n?
2, 5
Let k = 39 + -24. List the prime factors of k.
3, 5
Suppose 0*q + 3*q = j + 113, 2*q - 74 = j. Let g = 21 - q. Let o = -10 - g. List the prime factors of o.
2
Suppose -n - q + 12 = -3*q, 4*n - 36 = 5*q. Suppose n*u + j - 85 = -u, -3*u + 73 = 5*j. What are the prime factors of u?
2
Let c(d) = -d**3 - 19*d**2 + 15*d + 19. List the prime factors of c(-20).
7, 17
List the prime factors of 2/9 - (-2937)/27.
109
Let g be 1*(6 - 9/(-3)). Let m(o) = 4*o - 4. List the prime factors of m(g).
2
Let r(j) = -6*j**2 - 4*j - 2. Let i be r(-2). Let l = i - -11. Let b = 3 - l. List the prime factors of b.
2, 5
Let q(s) = -s**2 - s + 1. Let i(j) = 4*j**2 + 13*j - 9. Let b(u) = i(u) + 5*q(u). What are the prime factors of b(5)?
11
Suppose -3*j + v + 374 = -0*j, 3*v = -2*j + 242. What are the prime factors of j?
2, 31
Suppose -3*n + n + 57 = j, -3*j = 3*n - 168. List the prime factors of j.
5, 11
Suppose 0 = -3*g, -3*t + 65 = -5*g - 16. Let h = -49 + t. Let a = h - -37. List the prime factors of a.
3, 5
Let k be 26/(-65) - (-984)/10. Suppose -4*n - j = -192, 0 = 4*n - 2*n + j - k. What are the prime factors of n?
47
Let b = -116 + 219. What are the prime factors of b?
103
Let d(f) = -f - 2. Let g be d(-5). Let a be 0/2*(g + -2). Suppose 3*o + 2*o - 55 = a. List the prime factors of o.
11
Suppose -p - 3*p = -28. Let h(g) = 8*g - 4. Let u be h(p). Suppose 0 = 5*c - u + 7. What are the prime factors of c?
3
Let r(x) = 2*x**2 + 5*x - 2. What are the prime factors of r(5)?
73
Let p = 16 + -11. Suppose -2*m = -p*m. Suppose -5*k + 0*k + 42 = 3*u, -3*u + k + 24 = m. List the prime factors of u.
3
Suppose 10*q - 505 - 695 = 0. List the prime factors of q.
2, 3, 5
Suppose -5*z - 171 = -8*z. Suppose 4*j + 76 = 4*m + 2*j, 0 = -3*m + 3*j + z. List the prime factors of m.
19
Suppose -4*g + 163 = q, -4*q + 0*q = 20. List the prime factors of g.
2, 3, 7
Let b = -6 - -4. Let k be b/(-1) - 5*-1. Suppose q - k = -s, 25 = -2*q + 6*q + 3*s. List the prime factors of q.
2
Suppose -4*a - 3 = 3*q + a, -3*q - 3 = 2*a. Let t = 20 + q. What are the prime factors of t?
19
Let h = -5 - 5. List the prime factors of (-3 - h)*(-6)/(-3).
2, 7
Let b(l) = 31*l - 14. Let f be b(9). Suppose c - f = -4*c. List the prime factors of c.
53
Suppose a - 1 = 4. What are the prime factors of a?
5
Suppose 1 + 4 = 4*i - 5*v, -5*i = -5*v - 10. What are the prime factors of i?
5
Suppose q + 2*q + 30 = 0. Let i = q + 15. List the prime factors of i.
5
Suppose -630 = -26*g + 21*g. List the prime factors of g.
2, 3, 7
Suppose -266 = -5*r - 21. List the prime factors of r.
7
Suppose 0 = -6*b + 3*b. Suppose 1 = -h, b*l - h + 1 = 2*l. List the prime factors of (5 - -1) + l + 0.
7
Suppose -3*t + 5*p = -t - 52, 0 = 2*p + 4. What are the prime factors of t?
3, 7
Let j = 15 - 22. Let f(d) = d**2 - 3*d - 15. What are the prime factors of f(j)?
5, 11
Suppose 216 = 4*k + 2*v, 2*k - 263 = -3*k + v. List the prime factors of k.
53
List the prime factors of (-84)/(-35)*10/4.
2, 3
Suppose 0 = 5*l + 4*k - 35, 0 = -4*l - 2*k - 6 + 28. Suppose -6 = -l*d - 0. What are the prime factors of d?
2
Suppose -16 + 247 = 7*w. List the prime factors of w.
3, 11
Let f(k) = -k**2 + 12*k - 2. Let h be f(12). Let n = h - 1. Let a = 15 + n. List the prime factors of a.
2, 3
Suppose -2*y - 40 = -4*y. What are the prime factors of y?
2, 5
Suppose -2*q = -4*q + 12. Suppose 5 = 3*h - 5*s, -h + q - 3 = -s. List the prime factors of h.
5
Suppose 0 = -r + 3*p + 10, 0 + 4 = -2*p. Suppose -r*q + 5*d + 59 = 0, -3*q + 6*d + 46 = 4*d. Suppose q = 2*j - j. List the prime factors of j.
2
Suppose 2*d = 4*n - 1228, 0 = n + 10*d - 12*d - 304. What are the prime factors of n?
2, 7, 11
Let j be 3 - (0 - 0/(-2)). Suppose j*w + 92 = 5*w. What are the prime factors of w?
2, 23
Let k(b) = 2*b + 3*b - 31 + 28 - b. List the prime factors of k(10).
37
Let y(h) = -h**2 - 6*h - 15. Let c(k) = 3*k + 8. Let t(l) = -5*c(l) - 2*y(l). List the prime factors of t(6).
2, 11
Let f(p) = 19*p + 3. Let q be f(5). Let l = -5 + 10. Suppose -t + 6 = 4*j, l - q = -5*t + j. List the prime factors of t.
2, 3
Let x be 16/3 + 1/(-3). Suppose 8 = x*u - 2. List the prime factors of u.
2
Suppose 3*k - 105 = -4*x, 3*k = -4*x + 2*k + 115. Let d = 13 - x. Let j = -11 - d. List the prime factors of j.
2, 3
Let n be (45/(-12))/5*-4. Suppose -8 = -x + j, n*x + 2*x + 2*j = 68. Let l = -7 + x. List the prime factors of l.
5
Let r(b) = 9*b. Let f be r(-2). Let c be f/(-2 + 3 + -2). Suppose 0*d = 2*d - c. What are the prime factors of d?
3
Let f(n) = -2*n - 1. Let r(z) = z - 19. Let a be r(14). List the prime factors of f(a).
3
What are the prime factors of 4/(-20) - 262/(-10)?
2, 13
Let w = -85 + 120. List the prime factors of w.
5, 7
Suppose -3*r - 2*t = 4 + 4, 4 = -4*t. Let l(y) = -y**3 + 2*y**2 - y - 2. List the prime factors of l(r).
2
Let z be (1 + 1 - 2)/(-2). Let h be (-4 - z)*(-9)/12. Suppose 4*w = -k + 13 + 33, 0 = h*k + 6. What are the prime factors of w?
2, 3
Let z be (16/6)/(-1 - (-47)/45). Let r = 130 - 50. Suppose 4*h - z = -4*x, 3*h + x - 5*x = r. List the prime factors of h.
2, 5
Let s be (78/12)/(3/6). Let k = s - -7. List the prime 